{"id":5,"date":"2021-02-12T18:43:56","date_gmt":"2021-02-12T18:43:56","guid":{"rendered":"https:\/\/mecanotec.com.br\/novo\/?page_id=5"},"modified":"2021-05-25T10:24:49","modified_gmt":"2021-05-25T13:24:49","slug":"pagina-inicial","status":"publish","type":"page","link":"https:\/\/mecanotec.com.br\/novo\/","title":{"rendered":"P\u00e1gina Inicial"},"content":{"rendered":"<p>[et_pb_section fb_built=&#8221;1&#8243; custom_padding_last_edited=&#8221;on|phone&#8221; _builder_version=&#8221;4.9.4&#8243; _module_preset=&#8221;default&#8221; background_image=&#8221;https:\/\/mecanotec.com.br\/novo\/wp-content\/uploads\/2021\/05\/PLANO-DE-FUNDO-MECANOTEC.jpg&#8221; parallax=&#8221;on&#8221; custom_padding=&#8221;97px||||false|false&#8221; custom_padding_tablet=&#8221;&#8221; custom_padding_phone=&#8221;37px||||false|false&#8221;][et_pb_row _builder_version=&#8221;4.9.0&#8243; _module_preset=&#8221;default&#8221;][et_pb_column type=&#8221;4_4&#8243; _builder_version=&#8221;4.9.0&#8243; _module_preset=&#8221;default&#8221;][et_pb_text _builder_version=&#8221;4.9.4&#8243; _module_preset=&#8221;default&#8221; header_text_color=&#8221;#FFFFFF&#8221; header_font_size=&#8221;65px&#8221; header_line_height=&#8221;1.2em&#8221; header_font_size_tablet=&#8221;43px&#8221; header_font_size_phone=&#8221;40px&#8221; header_font_size_last_edited=&#8221;on|tablet&#8221; header_line_height_tablet=&#8221;&#8221; header_line_height_phone=&#8221;1.2em&#8221; header_line_height_last_edited=&#8221;on|desktop&#8221; header_text_shadow_style=&#8221;preset3&#8243; header_text_shadow_color=&#8221;#FFFFFF&#8221;]<\/p>\n<h1 style=\"text-align: center;\"><span style=\"color: #000000;\"><strong>SOLU\u00c7\u00d5ES PARA A IND\u00daSTRIA T\u00caXTIL E CALDEIRARIA<\/strong><\/span><\/h1>\n<p>[\/et_pb_text][\/et_pb_column][\/et_pb_row][et_pb_row _builder_version=&#8221;4.9.0&#8243; _module_preset=&#8221;default&#8221;][et_pb_column type=&#8221;4_4&#8243; _builder_version=&#8221;4.9.0&#8243; _module_preset=&#8221;default&#8221;][et_pb_button button_url=&#8221;@ET-DC@eyJkeW5hbWljIjp0cnVlLCJjb250ZW50IjoicG9zdF9saW5rX3VybF9wYWdlIiwic2V0dGluZ3MiOnsicG9zdF9pZCI6IjI5In19@&#8221; button_text=&#8221;Fale Conosco&#8221; button_alignment=&#8221;center&#8221; _builder_version=&#8221;4.9.4&#8243; _dynamic_attributes=&#8221;button_url&#8221; _module_preset=&#8221;default&#8221; custom_button=&#8221;on&#8221; button_icon=&#8221;%%109%%&#8221;][\/et_pb_button][\/et_pb_column][\/et_pb_row][et_pb_row _builder_version=&#8221;4.9.0&#8243; _module_preset=&#8221;default&#8221;][et_pb_column type=&#8221;4_4&#8243; _builder_version=&#8221;4.9.0&#8243; _module_preset=&#8221;default&#8221;][et_pb_text disabled_on=&#8221;on|off|off&#8221; _builder_version=&#8221;4.9.0&#8243; _module_preset=&#8221;default&#8221; header_text_color=&#8221;#FFFFFF&#8221; width=&#8221;30px&#8221; width_tablet=&#8221;&#8221; width_phone=&#8221;&#8221; width_last_edited=&#8221;on|phone&#8221; module_alignment=&#8221;center&#8221; animation_style=&#8221;zoom&#8221; animation_repeat=&#8221;loop&#8221; link_option_url=&#8221;#inicio&#8221; header_text_shadow_style=&#8221;preset3&#8243; border_radii=&#8221;on|22px|22px|22px|22px&#8221; border_width_all=&#8221;2px&#8221; border_color_all=&#8221;#FFFFFF&#8221;]<\/p>\n<h1 style=\"text-align: center;\">\u2193<\/h1>\n<p>[\/et_pb_text][\/et_pb_column][\/et_pb_row][\/et_pb_section][et_pb_section fb_built=&#8221;1&#8243; module_id=&#8221;inicio&#8221; _builder_version=&#8221;4.9.4&#8243; _module_preset=&#8221;default&#8221;][et_pb_row column_structure=&#8221;1_2,1_2&#8243; _builder_version=&#8221;4.9.4&#8243; _module_preset=&#8221;default&#8221;][et_pb_column type=&#8221;1_2&#8243; _builder_version=&#8221;4.9.0&#8243; _module_preset=&#8221;default&#8221;][et_pb_gallery gallery_ids=&#8221;288,289,290,291,292,293&#8243; fullwidth=&#8221;on&#8221; _builder_version=&#8221;4.9.4&#8243; _module_preset=&#8221;default&#8221; width=&#8221;100%&#8221; min_height=&#8221;278.1px&#8221; auto=&#8221;on&#8221; box_shadow_style=&#8221;preset4&#8243; box_shadow_color=&#8221;#f7a816&#8243;][\/et_pb_gallery][\/et_pb_column][et_pb_column type=&#8221;1_2&#8243; _builder_version=&#8221;4.9.0&#8243; _module_preset=&#8221;default&#8221;][et_pb_accordion closed_toggle_text_color=&#8221;#FFFFFF&#8221; closed_toggle_background_color=&#8221;#666666&#8243; icon_color=&#8221;#f7a816&#8243; use_icon_font_size=&#8221;on&#8221; icon_font_size=&#8221;24px&#8221; _builder_version=&#8221;4.9.4&#8243; _module_preset=&#8221;default&#8221; toggle_font=&#8221;|600|||||||&#8221; toggle_font_size=&#8221;18px&#8221; closed_toggle_font_size=&#8221;18px&#8221; border_radii=&#8221;on|16px|16px|16px|16px&#8221; border_color_all=&#8221;#f7a816&#8243;][et_pb_accordion_item title=&#8221;NOSSOS SERVI\u00c7OS&#8221; open=&#8221;on&#8221; _builder_version=&#8221;4.9.4&#8243; _module_preset=&#8221;default&#8221;]<\/p>\n<p style=\"text-align: justify;\">Utilizamos toda nossa experi\u00eancia para criar projetos e solu\u00e7\u00f5es sob medida com base na necessidade de cada cliente, de forma customizada, eficiente e com qualidade. Somos especializados no desenvolvimento e implanta\u00e7\u00e3o de projetos, produtos e servi\u00e7os destinados \u00e0 maquin\u00e1rios do setor industrial t\u00eaxtil (Rama, Linha Integrada, \u00cdndigo, Lavadeira, Sanforizadeira, Chamuscadeira, Mercerizadeira, Engomadeira, Secador, Vaporizador e Foulard).<\/p>\n<p style=\"text-align: justify;\">Oferecemos tamb\u00e9m servi\u00e7os de caldeiraria que s\u00e3o solicitados pelos mais diversos ramos de atividade do setor industrial que incluem todo processo de produ\u00e7\u00e3o de pe\u00e7as e os mais diversos equipamentos provenientes de barras e chapas met\u00e1licas, dobras e cortes de chapas de a\u00e7o carbono, a\u00e7o inox e alum\u00ednio, entre outros metais, atribuindo as caracter\u00edsticas solicitadas por cada cliente.<\/p>\n<p>[\/et_pb_accordion_item][et_pb_accordion_item title=&#8221;QUALIDADE AL\u00c9M DO SERVI\u00c7O&#8221; _builder_version=&#8221;4.9.4&#8243; _module_preset=&#8221;default&#8221; open=&#8221;off&#8221;]<\/p>\n<p style=\"text-align: justify;\">Excel\u00eancia, assertividade, singularidade, confian\u00e7a e profissionalismo. Esses s\u00e3o valores que a<strong> MECANOTEC <\/strong>reuniu em sua trajet\u00f3ria e que est\u00e3o traduzidos em cada um de nossos projetos!<\/p>\n<p style=\"text-align: justify;\">Ao longo de nossa hist\u00f3ria, pudemos aprimorar nossos servi\u00e7os e investir no bem mais precioso que temos, nossos colaboradores que desempenham suas atividades com muito louvor.<\/p>\n<p style=\"text-align: justify;\">\u00c9 dessa forma que mostramos um posicionamento diferenciado no mercado fabricante de pe\u00e7as e de presta\u00e7\u00e3o de servi\u00e7os. Afinal, a<strong> MECANOTEC<\/strong><span>\u00a0<\/span>\u00e9 pensada, formada e feita<span>\u00a0<\/span><strong>DE GENTE PARA GENTE<\/strong>!<\/p>\n<p>[\/et_pb_accordion_item][et_pb_accordion_item title=&#8221;PLURALIDADE&#8221; _builder_version=&#8221;4.9.4&#8243; _module_preset=&#8221;default&#8221; open=&#8221;off&#8221;]<\/p>\n<p style=\"text-align: justify;\"><span>Possu\u00edmos grande variedade de servi\u00e7os que permitem a <strong>MECANOTEC<\/strong> oferecer todas as solu\u00e7\u00f5es que o cliente precisa em um s\u00f3 lugar.<\/span><\/p>\n<p>[\/et_pb_accordion_item][\/et_pb_accordion][\/et_pb_column][\/et_pb_row][\/et_pb_section][et_pb_section fb_built=&#8221;1&#8243; _builder_version=&#8221;4.9.0&#8243; _module_preset=&#8221;default&#8221; background_image=&#8221;https:\/\/mecanotec.com.br\/novo\/wp-content\/uploads\/2021\/02\/bg_rodape-1920-800.jpg&#8221; custom_padding=&#8221;70px||70px|||&#8221;][et_pb_row column_structure=&#8221;1_4,1_4,1_4,1_4&#8243; _builder_version=&#8221;4.9.0&#8243; _module_preset=&#8221;default&#8221;][et_pb_column type=&#8221;1_4&#8243; _builder_version=&#8221;4.9.0&#8243; _module_preset=&#8221;default&#8221;][et_pb_image src=&#8221;https:\/\/mecanotec.com.br\/novo\/wp-content\/uploads\/2021\/02\/calendario-icone.png&#8221; title_text=&#8221;calendario-icone&#8221; align=&#8221;center&#8221; _builder_version=&#8221;4.9.0&#8243; _module_preset=&#8221;default&#8221;][\/et_pb_image][et_pb_text _builder_version=&#8221;4.9.4&#8243; _module_preset=&#8221;default&#8221; header_font=&#8221;|600|||||||&#8221; header_text_color=&#8221;#FFFFFF&#8221; header_text_shadow_style=&#8221;preset3&#8243;]<\/p>\n<h1 style=\"text-align: center;\">27 ANOS de experi\u00eancia<\/h1>\n<p>[\/et_pb_text][\/et_pb_column][et_pb_column type=&#8221;1_4&#8243; _builder_version=&#8221;4.9.0&#8243; _module_preset=&#8221;default&#8221;][et_pb_image src=&#8221;https:\/\/mecanotec.com.br\/novo\/wp-content\/uploads\/2021\/02\/time-icone.png&#8221; title_text=&#8221;time-icone&#8221; align=&#8221;center&#8221; _builder_version=&#8221;4.9.0&#8243; _module_preset=&#8221;default&#8221;][\/et_pb_image][et_pb_text _builder_version=&#8221;4.9.0&#8243; _module_preset=&#8221;default&#8221; header_font=&#8221;|600|||||||&#8221; header_text_color=&#8221;#FFFFFF&#8221; header_text_shadow_style=&#8221;preset3&#8243;]<\/p>\n<h1 style=\"text-align: center;\">+ de 30 colaboradores<\/h1>\n<p>[\/et_pb_text][\/et_pb_column][et_pb_column type=&#8221;1_4&#8243; _builder_version=&#8221;4.9.0&#8243; _module_preset=&#8221;default&#8221;][et_pb_image src=&#8221;https:\/\/mecanotec.com.br\/novo\/wp-content\/uploads\/2021\/02\/fabrica-icone.png&#8221; title_text=&#8221;fabrica-icone&#8221; align=&#8221;center&#8221; _builder_version=&#8221;4.9.0&#8243; _module_preset=&#8221;default&#8221;][\/et_pb_image][et_pb_text _builder_version=&#8221;4.9.0&#8243; _module_preset=&#8221;default&#8221; header_font=&#8221;|600|||||||&#8221; header_text_color=&#8221;#FFFFFF&#8221; header_text_shadow_style=&#8221;preset3&#8243;]<\/p>\n<h1 style=\"text-align: center;\">+ de 30 m\u00e1quinas e equipamentos<\/h1>\n<p>[\/et_pb_text][\/et_pb_column][et_pb_column type=&#8221;1_4&#8243; _builder_version=&#8221;4.9.0&#8243; _module_preset=&#8221;default&#8221;][et_pb_image src=&#8221;https:\/\/mecanotec.com.br\/novo\/wp-content\/uploads\/2021\/02\/qualidade-icone.png&#8221; title_text=&#8221;qualidade-icone&#8221; align=&#8221;center&#8221; _builder_version=&#8221;4.9.0&#8243; _module_preset=&#8221;default&#8221;][\/et_pb_image][et_pb_text _builder_version=&#8221;4.9.4&#8243; _module_preset=&#8221;default&#8221; header_font=&#8221;|600|||||||&#8221; header_text_color=&#8221;#FFFFFF&#8221; header_text_shadow_style=&#8221;preset3&#8243;]<\/p>\n<h1 style=\"text-align: center;\">+ de 300 clientes satisfeitos<\/h1>\n<p>[\/et_pb_text][\/et_pb_column][\/et_pb_row][\/et_pb_section][et_pb_section fb_built=&#8221;1&#8243; _builder_version=&#8221;4.9.0&#8243; _module_preset=&#8221;default&#8221;][et_pb_row _builder_version=&#8221;4.9.0&#8243; _module_preset=&#8221;default&#8221;][et_pb_column type=&#8221;4_4&#8243; _builder_version=&#8221;4.9.0&#8243; _module_preset=&#8221;default&#8221;][et_pb_blog fullwidth=&#8221;off&#8221; posts_number=&#8221;6&#8243; include_categories=&#8221;15&#8243; show_content=&#8221;on&#8221; show_author=&#8221;off&#8221; _builder_version=&#8221;4.9.4&#8243; _module_preset=&#8221;default&#8221; hover_enabled=&#8221;0&#8243; sticky_enabled=&#8221;0&#8243;][\/et_pb_blog][et_pb_button button_text=&#8221;Visite o nosso Blog&#8221; _builder_version=&#8221;4.9.4&#8243; _module_preset=&#8221;default&#8221; button_url=&#8221;@ET-DC@eyJkeW5hbWljIjp0cnVlLCJjb250ZW50IjoicG9zdF9saW5rX3VybF9wYWdlIiwic2V0dGluZ3MiOnsicG9zdF9pZCI6IjE1NiJ9fQ==@&#8221; _dynamic_attributes=&#8221;button_url&#8221; button_alignment=&#8221;center&#8221; hover_enabled=&#8221;0&#8243; sticky_enabled=&#8221;0&#8243;][\/et_pb_button][\/et_pb_column][\/et_pb_row][\/et_pb_section][et_pb_section fb_built=&#8221;1&#8243; _builder_version=&#8221;4.9.0&#8243; _module_preset=&#8221;default&#8221; background_color=&#8221;#f7a816&#8243; global_module=&#8221;124&#8243; saved_tabs=&#8221;all&#8221;][et_pb_row _builder_version=&#8221;4.9.0&#8243; _module_preset=&#8221;default&#8221;][et_pb_column type=&#8221;4_4&#8243; _builder_version=&#8221;4.9.0&#8243; _module_preset=&#8221;default&#8221;][et_pb_cta title=&#8221;Conhe\u00e7a a Mecanotec&#8221; button_url=&#8221;@ET-DC@eyJkeW5hbWljIjp0cnVlLCJjb250ZW50IjoicG9zdF9saW5rX3VybF9wYWdlIiwic2V0dGluZ3MiOnsicG9zdF9pZCI6IjI5In19@&#8221; button_text=&#8221;Contrate Nossos Sevi\u00e7os&#8221; _builder_version=&#8221;4.9.4&#8243; _dynamic_attributes=&#8221;button_url&#8221; _module_preset=&#8221;default&#8221; header_font_size=&#8221;37px&#8221; body_font_size=&#8221;16px&#8221;][\/et_pb_cta][\/et_pb_column][\/et_pb_row][\/et_pb_section][et_pb_section fb_built=&#8221;1&#8243; _builder_version=&#8221;4.9.0&#8243; _module_preset=&#8221;default&#8221; global_module=&#8221;125&#8243; saved_tabs=&#8221;all&#8221;][et_pb_row _builder_version=&#8221;4.9.0&#8243; _module_preset=&#8221;default&#8221;][et_pb_column type=&#8221;4_4&#8243; _builder_version=&#8221;4.9.0&#8243; _module_preset=&#8221;default&#8221;][et_pb_social_media_follow use_icon_font_size=&#8221;on&#8221; icon_font_size=&#8221;26px&#8221; _builder_version=&#8221;4.9.4&#8243; _module_preset=&#8221;default&#8221; text_orientation=&#8221;center&#8221;][et_pb_social_media_follow_network social_network=&#8221;facebook&#8221; url=&#8221;https:\/\/pt-br.facebook.com\/mecanotecnica\/&#8221; icon_color=&#8221;#E09900&#8243; use_icon_font_size=&#8221;on&#8221; _builder_version=&#8221;4.9.4&#8243; _module_preset=&#8221;default&#8221; background_color=&#8221;RGBA(0,0,0,0)&#8221; background_enable_color=&#8221;on&#8221; border_radii=&#8221;on|5px|5px|5px|5px&#8221; border_width_all=&#8221;1px&#8221; border_color_all=&#8221;#E09900&#8243; follow_button=&#8221;off&#8221; url_new_window=&#8221;on&#8221;]facebook[\/et_pb_social_media_follow_network][et_pb_social_media_follow_network social_network=&#8221;instagram&#8221; url=&#8221;https:\/\/www.instagram.com\/mecanotecmaquinas\/&#8221; icon_color=&#8221;#E09900&#8243; use_icon_font_size=&#8221;on&#8221; _builder_version=&#8221;4.9.4&#8243; _module_preset=&#8221;default&#8221; background_color=&#8221;RGBA(0,0,0,0)&#8221; background_enable_color=&#8221;on&#8221; border_radii=&#8221;on|5px|5px|5px|5px&#8221; border_width_all=&#8221;1px&#8221; border_color_all=&#8221;#E09900&#8243; follow_button=&#8221;off&#8221; url_new_window=&#8221;on&#8221;]instagram[\/et_pb_social_media_follow_network][et_pb_social_media_follow_network social_network=&#8221;youtube&#8221; url=&#8221;https:\/\/www.youtube.com\/channel\/UC8JAds9TtADzlDXmqHzQIEg&#8221; icon_color=&#8221;#E09900&#8243; use_icon_font_size=&#8221;on&#8221; _builder_version=&#8221;4.9.4&#8243; _module_preset=&#8221;default&#8221; background_color=&#8221;RGBA(0,0,0,0)&#8221; background_enable_color=&#8221;on&#8221; border_radii=&#8221;on|5px|5px|5px|5px&#8221; border_width_all=&#8221;1px&#8221; border_color_all=&#8221;#E09900&#8243; follow_button=&#8221;off&#8221; url_new_window=&#8221;on&#8221;]youtube[\/et_pb_social_media_follow_network][et_pb_social_media_follow_network social_network=&#8221;linkedin&#8221; icon_color=&#8221;#E09900&#8243; use_icon_font_size=&#8221;on&#8221; _builder_version=&#8221;4.9.0&#8243; _module_preset=&#8221;default&#8221; background_color=&#8221;RGBA(0,0,0,0)&#8221; background_enable_color=&#8221;on&#8221; border_radii=&#8221;on|5px|5px|5px|5px&#8221; border_width_all=&#8221;1px&#8221; border_color_all=&#8221;#E09900&#8243; follow_button=&#8221;off&#8221; url_new_window=&#8221;on&#8221;]linkedin[\/et_pb_social_media_follow_network][\/et_pb_social_media_follow][\/et_pb_column][\/et_pb_row][\/et_pb_section]<\/p>\n","protected":false},"excerpt":{"rendered":"<p>SOLU\u00c7\u00d5ES PARA A IND\u00daSTRIA T\u00caXTIL E CALDEIRARIA\u2193Utilizamos toda nossa experi\u00eancia para criar projetos e solu\u00e7\u00f5es sob medida com base na necessidade de cada cliente, de forma customizada, eficiente e com qualidade. Somos especializados no desenvolvimento e implanta\u00e7\u00e3o de projetos, produtos e servi\u00e7os destinados \u00e0 maquin\u00e1rios do setor industrial t\u00eaxtil (Rama, Linha Integrada, \u00cdndigo, Lavadeira, Sanforizadeira, [&hellip;]<\/p>\n","protected":false},"author":1,"featured_media":0,"parent":0,"menu_order":0,"comment_status":"closed","ping_status":"closed","template":"","meta":{"_et_pb_use_builder":"on","_et_pb_old_content":"","_et_gb_content_width":"","_joinchat":[],"footnotes":""},"_links":{"self":[{"href":"https:\/\/mecanotec.com.br\/novo\/wp-json\/wp\/v2\/pages\/5"}],"collection":[{"href":"https:\/\/mecanotec.com.br\/novo\/wp-json\/wp\/v2\/pages"}],"about":[{"href":"https:\/\/mecanotec.com.br\/novo\/wp-json\/wp\/v2\/types\/page"}],"author":[{"embeddable":true,"href":"https:\/\/mecanotec.com.br\/novo\/wp-json\/wp\/v2\/users\/1"}],"replies":[{"embeddable":true,"href":"https:\/\/mecanotec.com.br\/novo\/wp-json\/wp\/v2\/comments?post=5"}],"version-history":[{"count":49,"href":"https:\/\/mecanotec.com.br\/novo\/wp-json\/wp\/v2\/pages\/5\/revisions"}],"predecessor-version":[{"id":394,"href":"https:\/\/mecanotec.com.br\/novo\/wp-json\/wp\/v2\/pages\/5\/revisions\/394"}],"wp:attachment":[{"href":"https:\/\/mecanotec.com.br\/novo\/wp-json\/wp\/v2\/media?parent=5"}],"curies":[{"name":"wp","href":"https:\/\/api.w.org\/{rel}","templated":true}]}}